{"id":9,"date":"2024-01-18T14:45:55","date_gmt":"2024-01-18T11:45:55","guid":{"rendered":"https:\/\/ozerlerambalaj.com.tr\/?page_id=9"},"modified":"2026-03-13T19:45:41","modified_gmt":"2026-03-13T16:45:41","slug":"asetat-kutu-hizmetleri","status":"publish","type":"page","link":"https:\/\/ozerlerambalaj.com.tr\/","title":{"rendered":"Anasayfa"},"content":{"rendered":"<p>[et_pb_section fb_built=&#8221;1&#8243; _builder_version=&#8221;4.24.1&#8243; _module_preset=&#8221;default&#8221; collapsed=&#8221;off&#8221; global_colors_info=&#8221;{}&#8221;][et_pb_row admin_label=&#8221;Slider&#8221; _builder_version=&#8221;4.27.5&#8243; _module_preset=&#8221;default&#8221; background_color=&#8221;RGBA(255,255,255,0)&#8221; width=&#8221;100%&#8221; collapsed=&#8221;on&#8221; global_colors_info=&#8221;{}&#8221;][et_pb_column type=&#8221;4_4&#8243; _builder_version=&#8221;4.24.1&#8243; _module_preset=&#8221;default&#8221; global_colors_info=&#8221;{}&#8221;][et_pb_slider admin_label=&#8221;Slider One&#8221; _builder_version=&#8221;4.27.5&#8243; _module_preset=&#8221;default&#8221; background_color=&#8221;RGBA(255,255,255,0)&#8221; use_background_color_gradient=&#8221;on&#8221; background_image=&#8221;https:\/\/ozerlerambalaj.com.tr\/wp-content\/uploads\/2026\/03\/Adsiz-tasarim-25.png&#8221; min_height=&#8221;29.5px&#8221; custom_margin=&#8221;-28px|||||&#8221; hover_enabled=&#8221;0&#8243; box_shadow_style=&#8221;preset1&#8243; global_colors_info=&#8221;{}&#8221; sticky_enabled=&#8221;0&#8243;][et_pb_slide heading=&#8221;Toptan Ambalaj \u00dcr\u00fcnleri \u00dcretimi&#8221; button_text=&#8221;Bizi Aray\u0131n!&#8221; image=&#8221;https:\/\/ozerlerambalaj.com.tr\/wp-content\/uploads\/2024\/04\/ozerlerambalaj-slider-01-1-1024&#215;898.png&#8221; use_bg_overlay=&#8221;off&#8221; use_text_overlay=&#8221;off&#8221; _builder_version=&#8221;4.27.5&#8243; _module_preset=&#8221;default&#8221; header_font=&#8221;|700|||||||&#8221; header_text_color=&#8221;#FFFFFF&#8221; header_font_size=&#8221;46px&#8221; header_letter_spacing=&#8221;0px&#8221; body_text_align=&#8221;justify&#8221; body_text_color=&#8221;#FFFFFF&#8221; text_orientation=&#8221;justified&#8221; hover_enabled=&#8221;0&#8243; border_radii_image=&#8221;on|20px|20px|20px|20px&#8221; global_colors_info=&#8221;{}&#8221; sticky_transition=&#8221;on&#8221; button_link=&#8221;tel:+902124891017&#8243; sticky_enabled=&#8221;0&#8243;]<\/p>\n<p>&nbsp;<\/p>\n<h3><span style=\"color: #ffffff; font-size: x-large;\"><strong>+90 212 489 10 17<\/strong><\/span><\/h3>\n<p>&nbsp;<\/p>\n<p>[\/et_pb_slide][et_pb_slide heading=&#8221;Toptan \u00dcretim&#8221; image=&#8221;https:\/\/ozerlerambalaj.com.tr\/wp-content\/uploads\/2024\/04\/ozerlerambalaj-slider-02.png&#8221; _builder_version=&#8221;4.27.5&#8243; _module_preset=&#8221;default&#8221; hover_enabled=&#8221;0&#8243; global_colors_info=&#8221;{}&#8221; sticky_transition=&#8221;on&#8221; sticky_enabled=&#8221;0&#8243;]<\/p>\n<p>\u00d6zerler Ambalaj olarak ambalaj ve kapetleme sekt\u00f6rdeki deneyimini sizlere sunmaktad\u0131r.<\/p>\n<p>[\/et_pb_slide][et_pb_slide heading=&#8221;\u00dcr\u00fcn Sipari\u015fi Vermek Hemen Aray\u0131n&#8221; button_text=&#8221;Bizi Aray\u0131n!&#8221; image=&#8221;https:\/\/ozerlerambalaj.com.tr\/wp-content\/uploads\/2024\/04\/ozerlerambalaj-slider-04.png&#8221; _builder_version=&#8221;4.27.5&#8243; _module_preset=&#8221;default&#8221; hover_enabled=&#8221;0&#8243; global_colors_info=&#8221;{}&#8221; sticky_transition=&#8221;on&#8221; button_link=&#8221;tel:+902124891017&#8243; sticky_enabled=&#8221;0&#8243;][\/et_pb_slide][\/et_pb_slider][\/et_pb_column][\/et_pb_row][et_pb_row _builder_version=&#8221;4.27.5&#8243; _module_preset=&#8221;default&#8221; global_colors_info=&#8221;{}&#8221;][et_pb_column type=&#8221;4_4&#8243; _builder_version=&#8221;4.27.5&#8243; _module_preset=&#8221;default&#8221; global_colors_info=&#8221;{}&#8221;][et_pb_divider _builder_version=&#8221;4.27.5&#8243; _module_preset=&#8221;default&#8221; global_colors_info=&#8221;{}&#8221;][\/et_pb_divider][\/et_pb_column][\/et_pb_row][\/et_pb_section][et_pb_section fb_built=&#8221;1&#8243; _builder_version=&#8221;4.24.1&#8243; _module_preset=&#8221;default&#8221; global_colors_info=&#8221;{}&#8221;][et_pb_row column_structure=&#8221;3_5,2_5&#8243; admin_label=&#8221;Hakk\u0131m\u0131zda&#8221; _builder_version=&#8221;4.24.1&#8243; _module_preset=&#8221;default&#8221; custom_margin=&#8221;50px||||false|false&#8221; collapsed=&#8221;on&#8221; global_colors_info=&#8221;{}&#8221;][et_pb_column type=&#8221;3_5&#8243; _builder_version=&#8221;4.24.1&#8243; _module_preset=&#8221;default&#8221; global_colors_info=&#8221;{}&#8221;][et_pb_image src=&#8221;https:\/\/ozerlerambalaj.com.tr\/wp-content\/uploads\/2024\/02\/asetatkutu-net-01-1024&#215;489-1.png&#8221; title_text=&#8221;asetatkutu-net-01-1024&#215;489-1&#8243; _builder_version=&#8221;4.24.1&#8243; _module_preset=&#8221;default&#8221; custom_padding=&#8221;|105px||||&#8221; global_colors_info=&#8221;{}&#8221;][\/et_pb_image][\/et_pb_column][et_pb_column type=&#8221;2_5&#8243; _builder_version=&#8221;4.24.1&#8243; _module_preset=&#8221;default&#8221; global_colors_info=&#8221;{}&#8221;][et_pb_heading title=&#8221;Hakk\u0131m\u0131zda&#8221; _builder_version=&#8221;4.27.5&#8243; _module_preset=&#8221;default&#8221; text_shadow_style=&#8221;preset4&#8243; text_shadow_color=&#8221;#7CDA24&#8243; global_colors_info=&#8221;{}&#8221;][\/et_pb_heading][et_pb_text admin_label=&#8221;Metin&#8221; _builder_version=&#8221;4.25.0&#8243; _module_preset=&#8221;default&#8221; text_line_height=&#8221;3em&#8221; custom_padding=&#8221;|||0px||&#8221; global_colors_info=&#8221;{}&#8221;]<\/p>\n<p style=\"text-align: justify;\">\u00d6zerler Ambalaj \u00fcr\u00fcnleri ISO 9001:2000 Kalite Y\u00f6netim Sistemi ve Standartlar\u0131na ve Tar\u0131m K\u00f6y \u0130\u015fleri Bakanl\u0131\u011f\u0131n\u0131n \u201c G\u0131da ile Temasta Bulunan Materleylerinin \u00dcretimi \u0130zin Sertifikas\u0131\u2019na g\u00f6re tamamen hijyenik bir ortamda Asetat Kutu, PP Kutu, PP Box, \u015eeffaf Kutu \u00fcretilmektedir.<\/p>\n<ul>\n<li style=\"text-align: justify;\">Kutulamada En \u0130yi Fiyat<\/li>\n<li style=\"text-align: justify;\">Zaman\u0131nda Teslim<\/li>\n<li style=\"text-align: justify;\">\u00dcr\u00fcn\u00fcn\u00fcze \u00d6zel Tasar\u0131m<\/li>\n<li style=\"text-align: justify;\">Hizmet Kalitesi<\/li>\n<li style=\"text-align: justify;\">\u00d6zel Sipari\u015fleriniz<\/li>\n<li style=\"text-align: justify;\">M\u00fc\u015fteri Memluniyeti<\/li>\n<\/ul>\n<p>&nbsp;<\/p>\n<p>[\/et_pb_text][\/et_pb_column][\/et_pb_row][et_pb_row _builder_version=&#8221;4.27.5&#8243; _module_preset=&#8221;default&#8221; global_colors_info=&#8221;{}&#8221;][et_pb_column type=&#8221;4_4&#8243; _builder_version=&#8221;4.27.5&#8243; _module_preset=&#8221;default&#8221; global_colors_info=&#8221;{}&#8221;][et_pb_divider _builder_version=&#8221;4.27.5&#8243; _module_preset=&#8221;default&#8221; global_colors_info=&#8221;{}&#8221;][\/et_pb_divider][\/et_pb_column][\/et_pb_row][et_pb_row _builder_version=&#8221;4.27.5&#8243; _module_preset=&#8221;default&#8221; global_colors_info=&#8221;{}&#8221;][et_pb_column type=&#8221;4_4&#8243; _builder_version=&#8221;4.27.5&#8243; _module_preset=&#8221;default&#8221; global_colors_info=&#8221;{}&#8221;][et_pb_heading title=&#8221;\u00dcr\u00fcnlerimiz&#8221; _builder_version=&#8221;4.27.5&#8243; _module_preset=&#8221;default&#8221; text_shadow_style=&#8221;preset4&#8243; text_shadow_color=&#8221;#7CDA24&#8243; global_colors_info=&#8221;{}&#8221;][\/et_pb_heading][\/et_pb_column][\/et_pb_row][et_pb_row _builder_version=&#8221;4.24.2&#8243; _module_preset=&#8221;default&#8221; custom_margin=&#8221;50px||60px||false|false&#8221; animation_style=&#8221;bounce&#8221; collapsed=&#8221;on&#8221; global_colors_info=&#8221;{}&#8221;][et_pb_column type=&#8221;4_4&#8243; _builder_version=&#8221;4.24.1&#8243; _module_preset=&#8221;default&#8221; global_colors_info=&#8221;{}&#8221;][dipi_masonry_gallery gallery_ids=&#8221;88,289,291,293,294,296,297,303,305,306,307,308,309,310,311,312,313&#8243; pagination_type=&#8221;infinite_scroll&#8221; images_per_page=&#8221;7&#8243; load_more_text=&#8221;Daha Fazla&#8230;&#8221; title_in_lightbox=&#8221;on&#8221; columns=&#8221;3&#8243; gutter=&#8221;28&#8243; grid_animation_delay=&#8221;200ms&#8221; fix_lazy=&#8221;on&#8221; image_animation=&#8221;zoom-in&#8221; _builder_version=&#8221;4.24.2&#8243; _module_preset=&#8221;default&#8221; motion_trigger_start=&#8221;bottom&#8221; box_shadow_style_images=&#8221;preset3&#8243; global_colors_info=&#8221;{}&#8221;][\/dipi_masonry_gallery][\/et_pb_column][\/et_pb_row][et_pb_row _builder_version=&#8221;4.27.5&#8243; _module_preset=&#8221;default&#8221; global_colors_info=&#8221;{}&#8221;][et_pb_column type=&#8221;4_4&#8243; _builder_version=&#8221;4.27.5&#8243; _module_preset=&#8221;default&#8221; global_colors_info=&#8221;{}&#8221;][et_pb_divider _builder_version=&#8221;4.27.5&#8243; _module_preset=&#8221;default&#8221; global_colors_info=&#8221;{}&#8221;][\/et_pb_divider][\/et_pb_column][\/et_pb_row][et_pb_row _builder_version=&#8221;4.27.5&#8243; _module_preset=&#8221;default&#8221; global_colors_info=&#8221;{}&#8221;][et_pb_column type=&#8221;4_4&#8243; _builder_version=&#8221;4.27.5&#8243; _module_preset=&#8221;default&#8221; global_colors_info=&#8221;{}&#8221;][et_pb_heading title=&#8221;\u00dcretim S\u00fcrecimiz&#8221; _builder_version=&#8221;4.27.5&#8243; _module_preset=&#8221;default&#8221; text_shadow_style=&#8221;preset5&#8243; text_shadow_color=&#8221;#7CDA24&#8243; global_colors_info=&#8221;{}&#8221;][\/et_pb_heading][\/et_pb_column][\/et_pb_row][et_pb_row _builder_version=&#8221;4.24.2&#8243; _module_preset=&#8221;default&#8221; global_colors_info=&#8221;{}&#8221;][et_pb_column type=&#8221;4_4&#8243; _builder_version=&#8221;4.24.2&#8243; _module_preset=&#8221;default&#8221; global_colors_info=&#8221;{}&#8221;][dipi_horizontal_timeline show_card_arrow=&#8221;off&#8221; autoplay=&#8221;on&#8221; navigation=&#8221;on&#8221; layout=&#8221;top&#8221; line_area_size=&#8221;74px&#8221; _builder_version=&#8221;4.27.5&#8243; _module_preset=&#8221;default&#8221; border_radii_item=&#8221;on|30px|30px|30px|30px&#8221; global_colors_info=&#8221;{}&#8221;][dipi_horizontal_timeline_item ribbon=&#8221;\u0130leti\u015fim&#8221; title=&#8221;Bizi Aray\u0131n!&#8221; show_button=&#8221;on&#8221; button_text=&#8221;0212 489 10 16&#8243; button_url=&#8221;tel:+902124891016&#8243; button_url_new_window=&#8221;on&#8221; timeline_icon=&#8221;&#xe090;||divi||400&#8243; image=&#8221;https:\/\/ozerlerambalaj.com.tr\/wp-content\/uploads\/2024\/03\/2-8b5641e2-7455-4490-9268-1505267f8f51-512&#215;512.jpg&#8221; image_max_width=&#8221;750px&#8221; card_max_width=&#8221;100%&#8221; _builder_version=&#8221;4.27.5&#8243; _module_preset=&#8221;default&#8221; custom_button=&#8221;on&#8221; button_text_size=&#8221;16px&#8221; button_alignment=&#8221;left&#8221; max_width=&#8221;100%&#8221; global_colors_info=&#8221;{}&#8221;]<\/p>\n<p><a data-dtype=\"d3ph\" data-local-attribute=\"d3ph\" jscontroller=\"LWZElb\" href=\"https:\/\/www.google.com\/search?q=%C3%B6zerler+ambalaj&amp;oq=%C3%B6zer&amp;gs_lcrp=EgZjaHJvbWUqBggAEEUYOzIGCAAQRRg7MgYIARBFGDkyBggCEEUYOzIGCAMQRRg9MgYIBBBFGD0yBggFEEUYPdIBBzg3MWowajeoAgCwAgA&amp;sourceid=chrome&amp;ie=UTF-8#\" jsdata=\"QKGTRc;_;ClZJ50\" jsaction=\"rcuQ6b:npT2md;F75qrd\" data-ved=\"2ahUKEwj3ucKfmYWFAxVya_EDHaarBAQQkAgoAHoECE8QAw\"><span aria-label=\"(0212) 489 10 16 Numaral\u0131 Telefonu Ara\">(0212) 489 10 16<\/span><\/a><\/p>\n<p>[\/dipi_horizontal_timeline_item][dipi_horizontal_timeline_item ribbon=&#8221;Tasar\u0131m&#8221; title=&#8221;\u00d6rnek Model &#8221; timeline_icon=&#8221;&#xf247;||fa||400&#8243; image=&#8221;https:\/\/ozerlerambalaj.com.tr\/wp-content\/uploads\/2026\/03\/1.png&#8221; _builder_version=&#8221;4.27.5&#8243; _module_preset=&#8221;default&#8221; global_colors_info=&#8221;{}&#8221;]<\/p>\n<p>Talep etti\u011finiz modele g\u00f6re model \u00e7al\u0131\u015fmas\u0131 yap\u0131l\u0131r.<\/p>\n<p>[\/dipi_horizontal_timeline_item][dipi_horizontal_timeline_item ribbon=&#8221;Sipari\u015f Onay\u0131&#8221; title=&#8221;\u00d6rnek Model Onay\u0131&#8221; timeline_icon=&#8221;&#xf2b5;||fa||900&#8243; image=&#8221;https:\/\/ozerlerambalaj.com.tr\/wp-content\/uploads\/2026\/03\/Adsiz-tasarim-27.png&#8221; _builder_version=&#8221;4.27.5&#8243; _module_preset=&#8221;default&#8221; global_colors_info=&#8221;{}&#8221;]<\/p>\n<p>Taraf\u0131n\u0131za sunulan modeli onaylan\u0131z durumunda \u00fcretime ge\u00e7ilir.<\/p>\n<p>[\/dipi_horizontal_timeline_item][dipi_horizontal_timeline_item ribbon=&#8221;\u00dcretim&#8221; title=&#8221;\u00dcretim&#8221; timeline_icon=&#8221;&#xf085;||fa||900&#8243; image=&#8221;https:\/\/ozerlerambalaj.com.tr\/wp-content\/uploads\/2026\/03\/3.png&#8221; _builder_version=&#8221;4.27.5&#8243; _module_preset=&#8221;default&#8221; global_colors_info=&#8221;{}&#8221;]<\/p>\n<p>\u00d6rnek modelden istenilen adette \u00fczeretim yap\u0131l\u0131r.<\/p>\n<p>[\/dipi_horizontal_timeline_item][dipi_horizontal_timeline_item title=&#8221;Kalite Kontrol&#8221; timeline_icon=&#8221;&#xe012;||divi||400&#8243; image=&#8221;https:\/\/ozerlerambalaj.com.tr\/wp-content\/uploads\/2026\/03\/4.png&#8221; _builder_version=&#8221;4.27.5&#8243; _module_preset=&#8221;default&#8221; global_colors_info=&#8221;{}&#8221;]<\/p>\n<p>\u00dcretim Sonucu Kalite Kontrol Yap\u0131l\u0131r<\/p>\n<p>[\/dipi_horizontal_timeline_item][dipi_horizontal_timeline_item title=&#8221;\u00dcr\u00fcn G\u00f6nderimi&#8221; timeline_icon=&#8221;&#xf21a;||fa||900&#8243; image=&#8221;https:\/\/ozerlerambalaj.com.tr\/wp-content\/uploads\/2026\/03\/5.png&#8221; _builder_version=&#8221;4.27.5&#8243; _module_preset=&#8221;default&#8221; global_colors_info=&#8221;{}&#8221;][\/dipi_horizontal_timeline_item][\/dipi_horizontal_timeline][\/et_pb_column][\/et_pb_row][et_pb_row _builder_version=&#8221;4.27.5&#8243; _module_preset=&#8221;default&#8221; global_colors_info=&#8221;{}&#8221;][et_pb_column type=&#8221;4_4&#8243; _builder_version=&#8221;4.27.5&#8243; _module_preset=&#8221;default&#8221; global_colors_info=&#8221;{}&#8221;][et_pb_divider _builder_version=&#8221;4.27.5&#8243; _module_preset=&#8221;default&#8221; global_colors_info=&#8221;{}&#8221;][\/et_pb_divider][\/et_pb_column][\/et_pb_row][et_pb_row _builder_version=&#8221;4.27.5&#8243; _module_preset=&#8221;default&#8221; global_colors_info=&#8221;{}&#8221;][et_pb_column type=&#8221;4_4&#8243; _builder_version=&#8221;4.27.5&#8243; _module_preset=&#8221;default&#8221; global_colors_info=&#8221;{}&#8221;][et_pb_heading title=&#8221;Hizmetlerimiz&#8221; _builder_version=&#8221;4.27.5&#8243; _module_preset=&#8221;default&#8221; text_shadow_style=&#8221;preset4&#8243; text_shadow_color=&#8221;#7CDA24&#8243; global_colors_info=&#8221;{}&#8221;][\/et_pb_heading][\/et_pb_column][\/et_pb_row][et_pb_row _builder_version=&#8221;4.24.2&#8243; _module_preset=&#8221;default&#8221; global_colors_info=&#8221;{}&#8221;][et_pb_column type=&#8221;4_4&#8243; _builder_version=&#8221;4.24.2&#8243; _module_preset=&#8221;default&#8221; global_colors_info=&#8221;{}&#8221;][dipi_image_accordion _builder_version=&#8221;4.27.5&#8243; _module_preset=&#8221;default&#8221; global_colors_info=&#8221;{}&#8221;][dipi_image_accordion_child title=&#8221;Varag Bask\u0131&#8221; bg_img=&#8221;https:\/\/ozerlerambalaj.com.tr\/wp-content\/uploads\/2024\/04\/hello-asetat-kutu-gilding-foil-printing.jpeg&#8221; accordion_title=&#8221;Yald\u0131z Vara\u011f Bask\u0131&#8221; _builder_version=&#8221;4.27.5&#8243; _module_preset=&#8221;default&#8221; accordion_title_level=&#8221;h1&#8243; accordion_title_font=&#8221;|700|||||||&#8221; accordion_title_text_color=&#8221;#000000&#8243; accordion_title_font_size=&#8221;35px&#8221; accordion_title_letter_spacing=&#8221;10px&#8221; accordion_title_line_height=&#8221;1.2em&#8221; accordion_desc_text_color=&#8221;#E02B20&#8243; global_colors_info=&#8221;{}&#8221;][\/dipi_image_accordion_child][dipi_image_accordion_child title=&#8221;Ofset Bask\u0131&#8221; bg_img=&#8221;https:\/\/ozerlerambalaj.com.tr\/wp-content\/uploads\/2024\/04\/ozerlerambalaj-statik-bar-1.jpg&#8221; accordion_title=&#8221;Ofset Bask\u0131&#8221; _builder_version=&#8221;4.27.5&#8243; _module_preset=&#8221;default&#8221; accordion_title_level=&#8221;h1&#8243; accordion_title_font=&#8221;|700|||||||&#8221; accordion_title_text_color=&#8221;#000000&#8243; accordion_title_font_size=&#8221;35px&#8221; accordion_title_letter_spacing=&#8221;10px&#8221; accordion_title_line_height=&#8221;1.2em&#8221; accordion_desc_text_color=&#8221;#E02B20&#8243; global_colors_info=&#8221;{}&#8221;][\/dipi_image_accordion_child][dipi_image_accordion_child title=&#8221;Serigrafi Bask\u0131&#8221; bg_img=&#8221;https:\/\/ozerlerambalaj.com.tr\/wp-content\/uploads\/2024\/04\/ozerlerambalaj-slider-01.png&#8221; accordion_title=&#8221;Serigrafi Bask\u0131&#8221; _builder_version=&#8221;4.27.5&#8243; _module_preset=&#8221;default&#8221; accordion_title_level=&#8221;h1&#8243; accordion_title_font=&#8221;|700|||||||&#8221; accordion_title_text_color=&#8221;#000000&#8243; accordion_title_font_size=&#8221;35px&#8221; accordion_title_letter_spacing=&#8221;10px&#8221; accordion_title_line_height=&#8221;1.2em&#8221; accordion_desc_text_color=&#8221;#E02B20&#8243; global_colors_info=&#8221;{}&#8221;][\/dipi_image_accordion_child][dipi_image_accordion_child title=&#8221;UV Bask\u0131 Teknolojisi&#8221; bg_img=&#8221;https:\/\/ozerlerambalaj.com.tr\/wp-content\/uploads\/2024\/04\/cikolata.jpg&#8221; accordion_title=&#8221;UV Bask\u0131 Teknolojisi&#8221; _builder_version=&#8221;4.27.5&#8243; _module_preset=&#8221;default&#8221; accordion_title_level=&#8221;h1&#8243; accordion_title_font=&#8221;|700|||||||&#8221; accordion_title_text_color=&#8221;#000000&#8243; accordion_title_font_size=&#8221;35px&#8221; accordion_title_letter_spacing=&#8221;10px&#8221; accordion_title_line_height=&#8221;1.2em&#8221; accordion_desc_text_color=&#8221;#E02B20&#8243; global_colors_info=&#8221;{}&#8221;][\/dipi_image_accordion_child][\/dipi_image_accordion][\/et_pb_column][\/et_pb_row][et_pb_row _builder_version=&#8221;4.27.5&#8243; _module_preset=&#8221;default&#8221; global_colors_info=&#8221;{}&#8221;][et_pb_column type=&#8221;4_4&#8243; _builder_version=&#8221;4.27.5&#8243; _module_preset=&#8221;default&#8221; global_colors_info=&#8221;{}&#8221;][et_pb_divider _builder_version=&#8221;4.27.5&#8243; _module_preset=&#8221;default&#8221; global_colors_info=&#8221;{}&#8221;][\/et_pb_divider][\/et_pb_column][\/et_pb_row][et_pb_row _builder_version=&#8221;4.24.2&#8243; _module_preset=&#8221;default&#8221; global_colors_info=&#8221;{}&#8221;][et_pb_column type=&#8221;4_4&#8243; _builder_version=&#8221;4.24.2&#8243; _module_preset=&#8221;default&#8221; global_colors_info=&#8221;{}&#8221;][et_pb_text _builder_version=&#8221;4.24.2&#8243; _module_preset=&#8221;default&#8221; custom_margin=&#8221;100px||||false|false&#8221; global_colors_info=&#8221;{}&#8221;]<\/p>\n<h4 style=\"text-align: center;\">Ambalaj Teknojileri Hakk\u0131nda Bizden,<\/h4>\n<h2 style=\"text-align: center;\"><strong>HABERDAR OLUN!<\/strong><\/h2>\n<p>[\/et_pb_text][\/et_pb_column][\/et_pb_row][et_pb_row _builder_version=&#8221;4.24.2&#8243; _module_preset=&#8221;default&#8221; global_colors_info=&#8221;{}&#8221;][et_pb_column type=&#8221;4_4&#8243; _builder_version=&#8221;4.24.2&#8243; _module_preset=&#8221;default&#8221; global_colors_info=&#8221;{}&#8221;][dipi_blog_slider _builder_version=&#8221;4.25.0&#8243; _module_preset=&#8221;default&#8221; header_font=&#8221;|700|||||||&#8221; header_font_size=&#8221;14px&#8221; header_line_height=&#8221;1.4em&#8221; body_text_align=&#8221;justify&#8221; body_line_height=&#8221;1.6em&#8221; global_colors_info=&#8221;{}&#8221;][\/dipi_blog_slider][\/et_pb_column][\/et_pb_row][et_pb_row _builder_version=&#8221;4.27.5&#8243; _module_preset=&#8221;default&#8221; global_colors_info=&#8221;{}&#8221;][et_pb_column type=&#8221;4_4&#8243; _builder_version=&#8221;4.27.5&#8243; _module_preset=&#8221;default&#8221; global_colors_info=&#8221;{}&#8221;][et_pb_divider _builder_version=&#8221;4.27.5&#8243; _module_preset=&#8221;default&#8221; global_colors_info=&#8221;{}&#8221;][\/et_pb_divider][\/et_pb_column][\/et_pb_row][et_pb_row _builder_version=&#8221;4.27.5&#8243; _module_preset=&#8221;default&#8221; global_colors_info=&#8221;{}&#8221;][et_pb_column type=&#8221;4_4&#8243; _builder_version=&#8221;4.27.5&#8243; _module_preset=&#8221;default&#8221; global_colors_info=&#8221;{}&#8221;][et_pb_heading title=&#8221;\u0130\u015fletme Adresimiz&#8221; _builder_version=&#8221;4.27.5&#8243; _module_preset=&#8221;default&#8221; text_shadow_style=&#8221;preset4&#8243; text_shadow_color=&#8221;#7CDA24&#8243; global_colors_info=&#8221;{}&#8221;][\/et_pb_heading][\/et_pb_column][\/et_pb_row][et_pb_row _builder_version=&#8221;4.24.2&#8243; _module_preset=&#8221;default&#8221; global_colors_info=&#8221;{}&#8221;][et_pb_column type=&#8221;4_4&#8243; _builder_version=&#8221;4.24.2&#8243; _module_preset=&#8221;default&#8221; global_colors_info=&#8221;{}&#8221;][et_pb_text _builder_version=&#8221;4.27.2&#8243; _module_preset=&#8221;default&#8221; global_colors_info=&#8221;{}&#8221;]<iframe src=\"https:\/\/www.google.com\/maps\/embed?pb=!1m14!1m8!1m3!1d3009.891695318227!2d28.820683976041494!3d41.027625371347774!3m2!1i1024!2i768!4f13.1!3m3!1m2!1s0x14caa56821139df5%3A0xdace6b7cad9f7354!2s%C3%96zerler%20Ambalaj%20Toptan%20%C3%9Cretici%20-%20%C3%96zerler%20Plaza!5e0!3m2!1str!2str!4v1731153897023!5m2!1str!2str\" width=\"1920\" height=\"450\" style=\"border:0;\" allowfullscreen=\"\" loading=\"lazy\" referrerpolicy=\"no-referrer-when-downgrade\"><\/iframe>[\/et_pb_text][\/et_pb_column][\/et_pb_row][et_pb_row _builder_version=&#8221;4.27.5&#8243; _module_preset=&#8221;default&#8221; width=&#8221;65%&#8221; custom_margin=&#8221;20px|94px||auto|false|false&#8221; global_colors_info=&#8221;{}&#8221;][et_pb_column type=&#8221;4_4&#8243; _builder_version=&#8221;4.24.2&#8243; _module_preset=&#8221;default&#8221; global_colors_info=&#8221;{}&#8221;][dipi_text_highlighter text_highlighter_text=&#8221;\u00d6zerler Ambalaj \u00dcr\u00fcnlerinize De\u011fer Katar!   &#8221; highlight_shape=&#8221;square_box&#8221; text_wrapper_tag=&#8221;p&#8221; text_direction=&#8221;inline&#8221; highlight_animation_start=&#8221;in_loading&#8221; stroke_color=&#8221;#2a9118&#8243; stroke_width=&#8221;3px&#8221; shape_v_offset=&#8221;10px&#8221; shape_h_offset=&#8221;-7px&#8221; _builder_version=&#8221;4.27.5&#8243; _module_preset=&#8221;default&#8221; all_text_font=&#8221;|300|||||||&#8221; all_text_text_align=&#8221;center&#8221; all_text_font_size=&#8221;10px&#8221; all_text_letter_spacing=&#8221;1px&#8221; prefix_text_font=&#8221;|700|||||||&#8221; prefix_text_text_color=&#8221;#000000&#8243; prefix_text_font_size=&#8221;41px&#8221; prefix_text_letter_spacing=&#8221;15px&#8221; highlighted_text_font=&#8221;|700|||||||&#8221; highlighted_text_text_color=&#8221;#7CDA24&#8243; highlighted_text_font_size=&#8221;47px&#8221; highlighted_text_letter_spacing=&#8221;19px&#8221; highlighted_text_line_height=&#8221;2.3em&#8221; width=&#8221;75%&#8221; module_alignment=&#8221;center&#8221; custom_margin=&#8221;20px||||false|false&#8221; custom_margin_tablet=&#8221;&#8221; custom_margin_phone=&#8221;&#8221; custom_margin_last_edited=&#8221;on|desktop&#8221; all_text_text_shadow_style=&#8221;preset5&#8243; prefix_text_text_shadow_style=&#8221;preset1&#8243; global_colors_info=&#8221;{}&#8221;][\/dipi_text_highlighter][\/et_pb_column][\/et_pb_row][et_pb_row column_structure=&#8221;1_5,3_5,1_5&#8243; _builder_version=&#8221;4.24.2&#8243; _module_preset=&#8221;default&#8221; global_colors_info=&#8221;{}&#8221;][et_pb_column type=&#8221;1_5&#8243; _builder_version=&#8221;4.24.2&#8243; _module_preset=&#8221;default&#8221; global_colors_info=&#8221;{}&#8221;][\/et_pb_column][et_pb_column type=&#8221;3_5&#8243; _builder_version=&#8221;4.24.2&#8243; _module_preset=&#8221;default&#8221; global_colors_info=&#8221;{}&#8221;][dipi_dual_heading first_heading=&#8221;S\u0131k\u00e7a Sorulan Sorular&#8221; _builder_version=&#8221;4.24.3&#8243; _module_preset=&#8221;default&#8221; first_heading_font=&#8221;|800|||||||&#8221; first_heading_font_size=&#8221;36px&#8221; global_colors_info=&#8221;{}&#8221;][\/dipi_dual_heading][dipi_faq show_all=&#8221;on&#8221; heading_tag=&#8221;h6&#8243; faq_layout=&#8221;accordion&#8221; accordion_close_all=&#8221;on&#8221; icon_animate=&#8221;on&#8221; _builder_version=&#8221;4.24.2&#8243; _module_preset=&#8221;default&#8221; global_colors_info=&#8221;{}&#8221;][\/dipi_faq][\/et_pb_column][et_pb_column type=&#8221;1_5&#8243; _builder_version=&#8221;4.24.2&#8243; _module_preset=&#8221;default&#8221; global_colors_info=&#8221;{}&#8221;][\/et_pb_column][\/et_pb_row][\/et_pb_section]<\/p>\n<div id=\"dipi-popup-maker-container\"><\/div>    <script type=\"text\/javascript\">\n        var ajaxurl = \"https:\/\/ozerlerambalaj.com.tr\/wp-admin\/admin-ajax.php\";\n    <\/script>\n    ","protected":false},"excerpt":{"rendered":"<p>&nbsp; +90 212 489 10 17 &nbsp;\u00d6zerler Ambalaj olarak ambalaj ve kapetleme sekt\u00f6rdeki deneyimini sizlere sunmaktad\u0131r.\u00d6zerler Ambalaj \u00fcr\u00fcnleri ISO 9001:2000 Kalite Y\u00f6netim Sistemi ve Standartlar\u0131na ve Tar\u0131m K\u00f6y \u0130\u015fleri Bakanl\u0131\u011f\u0131n\u0131n \u201c G\u0131da ile Temasta Bulunan Materleylerinin \u00dcretimi \u0130zin Sertifikas\u0131\u2019na g\u00f6re tamamen hijyenik bir ortamda Asetat Kutu, PP Kutu, PP Box, \u015eeffaf Kutu \u00fcretilmektedir. Kutulamada En [&hellip;]<\/p>\n","protected":false},"author":1,"featured_media":0,"parent":0,"menu_order":0,"comment_status":"closed","ping_status":"closed","template":"","meta":{"_et_pb_use_builder":"on","_et_pb_old_content":"<!-- wp:divi\/placeholder \/-->","_et_gb_content_width":"","footnotes":""},"dipi_cpt_category":[],"class_list":["post-9","page","type-page","status-publish","hentry"],"_links":{"self":[{"href":"https:\/\/ozerlerambalaj.com.tr\/index.php\/wp-json\/wp\/v2\/pages\/9","targetHints":{"allow":["GET"]}}],"collection":[{"href":"https:\/\/ozerlerambalaj.com.tr\/index.php\/wp-json\/wp\/v2\/pages"}],"about":[{"href":"https:\/\/ozerlerambalaj.com.tr\/index.php\/wp-json\/wp\/v2\/types\/page"}],"author":[{"embeddable":true,"href":"https:\/\/ozerlerambalaj.com.tr\/index.php\/wp-json\/wp\/v2\/users\/1"}],"replies":[{"embeddable":true,"href":"https:\/\/ozerlerambalaj.com.tr\/index.php\/wp-json\/wp\/v2\/comments?post=9"}],"version-history":[{"count":214,"href":"https:\/\/ozerlerambalaj.com.tr\/index.php\/wp-json\/wp\/v2\/pages\/9\/revisions"}],"predecessor-version":[{"id":813,"href":"https:\/\/ozerlerambalaj.com.tr\/index.php\/wp-json\/wp\/v2\/pages\/9\/revisions\/813"}],"wp:attachment":[{"href":"https:\/\/ozerlerambalaj.com.tr\/index.php\/wp-json\/wp\/v2\/media?parent=9"}],"wp:term":[{"taxonomy":"dipi_cpt_category","embeddable":true,"href":"https:\/\/ozerlerambalaj.com.tr\/index.php\/wp-json\/wp\/v2\/dipi_cpt_category?post=9"}],"curies":[{"name":"wp","href":"https:\/\/api.w.org\/{rel}","templated":true}]}}